{"id":641,"date":"2020-11-09T21:52:23","date_gmt":"2020-11-10T01:52:23","guid":{"rendered":"https:\/\/venezuela.wordcamp.org\/2021\/?page_id=641"},"modified":"2021-05-06T12:03:36","modified_gmt":"2021-05-06T16:03:36","slug":"inicio","status":"publish","type":"page","link":"https:\/\/venezuela.wordcamp.org\/2021\/","title":{"rendered":"WordCamp Venezuela 2021"},"content":{"rendered":"\n<div class=\"wp-block-group alignfull has-link-color background-hero-vcv has-dark-gray-color has-text-color\"><div class=\"wp-block-group__inner-container is-layout-flow wp-block-group-is-layout-flow\">\n<div class=\"wp-block-columns alignfull cabecera-ppal-inicio is-layout-flex wp-container-core-columns-is-layout-9d6595d7 wp-block-columns-is-layout-flex\">\n<div class=\"wp-block-column is-vertically-aligned-center is-layout-flow wp-block-column-is-layout-flow\">\n<div class=\"wp-block-columns alignfull is-layout-flex wp-container-core-columns-is-layout-9d6595d7 wp-block-columns-is-layout-flex\">\n<div class=\"wp-block-column is-layout-flow wp-block-column-is-layout-flow\">\n<h1 class=\"has-text-align-center ctabotonheroheader wp-block-heading\" style=\"font-size:66px\">La primera <strong>WordCamp<\/strong> <br>de Venezuela<\/h1>\n\n\n\n<h2 class=\"has-text-align-center wp-block-heading\"><strong>Del 6 al 8 de mayo de 2021<\/strong><\/h2>\n\n\n\n<div class=\"wp-block-buttons is-content-justification-center botonesherohome is-layout-flex wp-block-buttons-is-layout-flex\">\n<div class=\"wp-block-button is-style-fill\"><a class=\"wp-block-button__link has-background\" href=\"https:\/\/venezuela.wordcamp.org\/2021\/programa\/\" style=\"background-color:#8e0018\">Programa<\/a><\/div>\n\n\n\n<div class=\"wp-block-button is-style-fill\"><a class=\"wp-block-button__link has-background no-border-radius\" href=\"https:\/\/venezuela.wordcamp.org\/2021\/patrocinantes\/\" style=\"background-color:#8e0018\">Patrocinantes<\/a><\/div>\n<\/div>\n<\/div>\n<\/div>\n\n\n\n<div style=\"height:100px\" aria-hidden=\"true\" class=\"wp-block-spacer\"><\/div>\n<\/div>\n\n\n\n<div class=\"wp-block-column is-layout-flow wp-block-column-is-layout-flow\">\n<div class=\"wp-block-image banner-inicio-ppal\"><figure class=\"alignright size-large is-resized\"><img loading=\"lazy\" decoding=\"async\" src=\"https:\/\/venezuela.wordcamp.org\/2021\/files\/2021\/03\/turpialwcve-1024x868.png\" alt=\"\" class=\"wp-image-1259\" width=\"1024\" height=\"868\" srcset=\"https:\/\/venezuela.wordcamp.org\/2021\/files\/2021\/03\/turpialwcve-1024x868.png 1024w, https:\/\/venezuela.wordcamp.org\/2021\/files\/2021\/03\/turpialwcve-300x254.png 300w, https:\/\/venezuela.wordcamp.org\/2021\/files\/2021\/03\/turpialwcve-768x651.png 768w, https:\/\/venezuela.wordcamp.org\/2021\/files\/2021\/03\/turpialwcve-354x300.png 354w, https:\/\/venezuela.wordcamp.org\/2021\/files\/2021\/03\/turpialwcve.png 1191w\" sizes=\"auto, (max-width: 1024px) 100vw, 1024px\" \/><\/figure><\/div>\n\n\n\n<p><\/p>\n<\/div>\n<\/div>\n<\/div><\/div>\n\n\n\n<div class=\"wp-block-group alignfull seccion-participa has-link-color\"><div class=\"wp-block-group__inner-container is-layout-flow wp-block-group-is-layout-flow\">\n\n\n<h4 class=\"has-text-align-center wp-block-heading\"><em>Conoce a los asistentes, ponentes y patrocinantes que participan en la primera WordCamp de Venezuela<\/em><\/h4>\n\n\n\n<div class=\"wp-block-columns alignwide columnaspajaritos is-layout-flex wp-container-core-columns-is-layout-9d6595d7 wp-block-columns-is-layout-flex\">\n<div class=\"wp-block-column is-layout-flow wp-block-column-is-layout-flow\">\n<h3 class=\"has-text-align-center wp-block-heading\">Asistentes<\/h3>\n\n\n\n<div class=\"wp-block-image iconos-aves\"><figure class=\"aligncenter size-large is-resized\"><img loading=\"lazy\" decoding=\"async\" src=\"https:\/\/raw.githubusercontent.com\/WordPressVenezuela\/WordCamp-2021\/master\/imagenes\/aves\/cadenalito.svg\" alt=\"\" width=\"200\" height=\"200\" \/><\/figure><\/div>\n\n\n\n<p class=\"has-text-align-center\">Mira la lista de entusiastas de WordPress que asiste a la WordCamp&nbsp;Venezuela&nbsp;2021<\/p>\n\n\n\n<div class=\"wp-block-buttons is-content-justification-center is-layout-flex wp-block-buttons-is-layout-flex\">\n<div class=\"wp-block-button is-style-fill\"><a class=\"wp-block-button__link has-background no-border-radius\" href=\"https:\/\/venezuela.wordcamp.org\/2021\/asistentes\/\" style=\"background-color:#8e0018\">Ver asistentes<\/a><\/div>\n<\/div>\n\n\n\n<p><\/p>\n<\/div>\n\n\n\n<div class=\"wp-block-column is-layout-flow wp-block-column-is-layout-flow\">\n<h3 class=\"has-text-align-center wp-block-heading\">Ponentes<\/h3>\n\n\n\n<div class=\"wp-block-image iconos-aves\"><figure class=\"aligncenter size-large is-resized\"><img loading=\"lazy\" decoding=\"async\" src=\"https:\/\/raw.githubusercontent.com\/WordPressVenezuela\/WordCamp-2021\/master\/imagenes\/aves\/turpial.svg\" alt=\"\" width=\"200\" height=\"200\" \/><\/figure><\/div>\n\n\n\n<p class=\"has-text-align-center\">Conoce a los ponentes que nos traer\u00e1n contenido de calidad en la primera WordCamp&nbsp;de&nbsp;Venezuela<\/p>\n\n\n\n<div class=\"wp-block-buttons is-content-justification-center is-layout-flex wp-block-buttons-is-layout-flex\">\n<div class=\"wp-block-button is-style-fill\"><a class=\"wp-block-button__link has-background no-border-radius\" href=\"https:\/\/venezuela.wordcamp.org\/2021\/ponentes\/\" style=\"background-color:#8e0018\">Ver ponentes<\/a><\/div>\n<\/div>\n<\/div>\n\n\n\n<div class=\"wp-block-column is-layout-flow wp-block-column-is-layout-flow\">\n<h3 class=\"has-text-align-center wp-block-heading\">Patrocinantes<\/h3>\n\n\n\n<div class=\"wp-block-image iconos-aves\"><figure class=\"aligncenter size-large is-resized\"><img loading=\"lazy\" decoding=\"async\" src=\"https:\/\/raw.githubusercontent.com\/WordPressVenezuela\/WordCamp-2021\/master\/imagenes\/aves\/azulejo-golondrina.svg\" alt=\"\" width=\"200\" height=\"200\" \/><\/figure><\/div>\n\n\n\n<p class=\"has-text-align-center\">Conoce a las empresas que han ayudado a hacer realidad esta primera WordCamp Venezuela.<\/p>\n\n\n\n<div class=\"wp-block-buttons is-content-justification-center is-layout-flex wp-block-buttons-is-layout-flex\">\n<div class=\"wp-block-button is-style-fill\"><a class=\"wp-block-button__link has-background no-border-radius\" href=\"https:\/\/venezuela.wordcamp.org\/2021\/patrocinantes\/\" style=\"background-color:#8e0018\">Ver patrocinantes<\/a><\/div>\n<\/div>\n<\/div>\n<\/div>\n\n\n<\/div><\/div>\n\n\n\n<div class=\"wp-block-group alignfull latest-news-wc\" style=\"padding-top:50px;padding-right:20px;padding-bottom:100px;padding-left:20px\"><div class=\"wp-block-group__inner-container is-layout-flow wp-block-group-is-layout-flow\">\n<h2 class=\"has-text-align-center wp-block-heading\">\u00daltimas noticias<\/h2>\n\n\n<ul class=\"wp-block-latest-posts__list is-grid columns-2 alignwide is-style-twentytwentyone-latest-posts-borders wp-block-latest-posts\"><li><a class=\"wp-block-latest-posts__post-title\" href=\"https:\/\/venezuela.wordcamp.org\/2021\/promociones-de-nuestros-patrocinantes\/\">Promociones de nuestros patrocinantes<\/a><div class=\"wp-block-latest-posts__post-excerpt\">Como agradecimiento por acompa\u00f1arnos en esta primera WordCamp Venezuela, tenemos obsequios de nuestros patrocinantes: Curso en v\u00eddeo gratis de creaci\u00f3n de tiendas online con WooCommerce Crea e impulsa&hellip; <a class=\"more-link\" href=\"https:\/\/venezuela.wordcamp.org\/2021\/promociones-de-nuestros-patrocinantes\/\">Seguir leyendo <span class=\"screen-reader-text\">Promociones de nuestros patrocinantes<\/span><\/a><\/div><\/li>\n<li><a class=\"wp-block-latest-posts__post-title\" href=\"https:\/\/venezuela.wordcamp.org\/2021\/la-wordcamp-venezuela-2021-ya-esta-aqui\/\">\u00a1La WordCamp Venezuela 2021 ya est\u00e1 aqu\u00ed!<\/a><div class=\"wp-block-latest-posts__post-excerpt\">Luego de meses de trabajo, por fin podemos decir: \u00a1Tenemos WordCamp! Desde hoy, 6 de mayo, y hasta el s\u00e1bado 8, se celebrar\u00e1 la primera WordCamp de Venezuela,&hellip; <a class=\"more-link\" href=\"https:\/\/venezuela.wordcamp.org\/2021\/la-wordcamp-venezuela-2021-ya-esta-aqui\/\">Seguir leyendo <span class=\"screen-reader-text\">\u00a1La WordCamp Venezuela 2021 ya est\u00e1 aqu\u00ed!<\/span><\/a><\/div><\/li>\n<li><a class=\"wp-block-latest-posts__post-title\" href=\"https:\/\/venezuela.wordcamp.org\/2021\/colabora\/\">El d\u00eda del colaborador<\/a><div class=\"wp-block-latest-posts__post-excerpt\">WordPress es un software gratuito y de libre distribuci\u00f3n, su desarrollo depende de muchas personas que han entendido que aportando su grano de arena pueden ayudar a la&hellip; <a class=\"more-link\" href=\"https:\/\/venezuela.wordcamp.org\/2021\/colabora\/\">Seguir leyendo <span class=\"screen-reader-text\">El d\u00eda del colaborador<\/span><\/a><\/div><\/li>\n<li><a class=\"wp-block-latest-posts__post-title\" href=\"https:\/\/venezuela.wordcamp.org\/2021\/conoces-a-yith\/\">\u00bfConoces a Yith?<\/a><div class=\"wp-block-latest-posts__post-excerpt\">Te presentamos a&nbsp;Yith, empresa dedicada al desarrollo de plugins para WooCommerce. \u00a1Gracias Yith por ayudar a hacer posible la primera WordCamp de Venezuela! \u00bfNo conoces a Yith?, son&hellip; <a class=\"more-link\" href=\"https:\/\/venezuela.wordcamp.org\/2021\/conoces-a-yith\/\">Seguir leyendo <span class=\"screen-reader-text\">\u00bfConoces a Yith?<\/span><\/a><\/div><\/li>\n<\/ul><\/div><\/div>\n\n\n\n\n\n<div class=\"wp-block-group patrocinantes\"><div class=\"wp-block-group__inner-container is-layout-flow wp-block-group-is-layout-flow\">\n<p class=\"has-text-align-center has-extra-large-font-size\">WordCamp Venezuela es posible gracias a<\/p>\n\n\n\n<hr class=\"wp-block-separator\" \/>\n\n\n\n<div class=\"wp-block-group\"><div class=\"wp-block-group__inner-container is-layout-flow wp-block-group-is-layout-flow\">\n<h2 class=\"has-text-align-center wp-block-heading\">Patrocinantes Pico Bol\u00edvar<\/h2>\n\n\n<ul class=\"wordcamp-block wordcamp-post-list has-layout-grid wordcamp-sponsors has-grid-columns-3\"><li class=\"wordcamp-post-list__post wordcamp-clearfix\">\n<div class=\"wordcamp-sponsor wordcamp-sponsors__post slug-raiola-networks-patrocinante-pico-bolivar\">\n\t\n\t\t\t<div class=\"wordcamp-image__featured-image-container wordcamp-sponsors__featured-image wordcamp-sponsors__logo align-center\"><a href=\"https:\/\/venezuela.wordcamp.org\/2021\/sponsor\/raiola-networks-patrocinante-pico-bolivar\/\" class=\"wordcamp-image__featured-image-link\"><img loading=\"lazy\" decoding=\"async\" width=\"148\" height=\"27\" src=\"https:\/\/venezuela.wordcamp.org\/2021\/files\/2021\/04\/wcve2021-patrocinador-raiola-network-300x53.png\" class=\"wordcamp-image__featured-image wp-post-image\" alt=\"\" srcset=\"https:\/\/venezuela.wordcamp.org\/2021\/files\/2021\/04\/wcve2021-patrocinador-raiola-network-300x53.png 300w, https:\/\/venezuela.wordcamp.org\/2021\/files\/2021\/04\/wcve2021-patrocinador-raiola-network-1024x182.png 1024w, https:\/\/venezuela.wordcamp.org\/2021\/files\/2021\/04\/wcve2021-patrocinador-raiola-network-768x137.png 768w, https:\/\/venezuela.wordcamp.org\/2021\/files\/2021\/04\/wcve2021-patrocinador-raiola-network-500x89.png 500w, https:\/\/venezuela.wordcamp.org\/2021\/files\/2021\/04\/wcve2021-patrocinador-raiola-network-1536x274.png 1536w, https:\/\/venezuela.wordcamp.org\/2021\/files\/2021\/04\/wcve2021-patrocinador-raiola-network-2048x365.png 2048w, https:\/\/venezuela.wordcamp.org\/2021\/files\/2021\/04\/wcve2021-patrocinador-raiola-network-1568x279.png 1568w\" sizes=\"auto, (max-width: 148px) 100vw, 148px\" style=\"width:100%;height:17.33%;max-width:150px;\" \/><\/a><\/div>\t\n\t<\/div>\n\n<\/li><li class=\"wordcamp-post-list__post wordcamp-clearfix\">\n<div class=\"wordcamp-sponsor wordcamp-sponsors__post slug-siteground-patrocinante-pico-bolivar\">\n\t\n\t\t\t<div class=\"wordcamp-image__featured-image-container wordcamp-sponsors__featured-image wordcamp-sponsors__logo align-center\"><a href=\"https:\/\/venezuela.wordcamp.org\/2021\/sponsor\/siteground-patrocinante-pico-bolivar\/\" class=\"wordcamp-image__featured-image-link\"><img loading=\"lazy\" decoding=\"async\" width=\"150\" height=\"30\" src=\"https:\/\/venezuela.wordcamp.org\/2021\/files\/2021\/04\/wcve2021-patrocinador-siteground-300x61.png\" class=\"wordcamp-image__featured-image wp-post-image\" alt=\"Logotipo de SiteGround\" srcset=\"https:\/\/venezuela.wordcamp.org\/2021\/files\/2021\/04\/wcve2021-patrocinador-siteground-300x61.png 300w, https:\/\/venezuela.wordcamp.org\/2021\/files\/2021\/04\/wcve2021-patrocinador-siteground.png 400w\" sizes=\"auto, (max-width: 150px) 100vw, 150px\" style=\"width:100%;height:20%;max-width:150px;\" \/><\/a><\/div>\t\n\t<\/div>\n\n<\/li><li class=\"wordcamp-post-list__post wordcamp-clearfix\">\n<div class=\"wordcamp-sponsor wordcamp-sponsors__post slug-wp-overnight-patrocinante-pico-bolivar\">\n\t\n\t\t\t<div class=\"wordcamp-image__featured-image-container wordcamp-sponsors__featured-image wordcamp-sponsors__logo align-center\"><a href=\"https:\/\/venezuela.wordcamp.org\/2021\/sponsor\/wp-overnight-patrocinante-pico-bolivar\/\" class=\"wordcamp-image__featured-image-link\"><img loading=\"lazy\" decoding=\"async\" width=\"150\" height=\"40\" src=\"https:\/\/venezuela.wordcamp.org\/2021\/files\/2021\/04\/wpovernight-logo-300x81.png\" class=\"wordcamp-image__featured-image wp-post-image\" alt=\"\" srcset=\"https:\/\/venezuela.wordcamp.org\/2021\/files\/2021\/04\/wpovernight-logo-300x81.png 300w, https:\/\/venezuela.wordcamp.org\/2021\/files\/2021\/04\/wpovernight-logo-500x135.png 500w, https:\/\/venezuela.wordcamp.org\/2021\/files\/2021\/04\/wpovernight-logo.png 512w\" sizes=\"auto, (max-width: 150px) 100vw, 150px\" style=\"width:100%;height:26.67%;max-width:150px;\" \/><\/a><\/div>\t\n\t<\/div>\n\n<\/li><\/ul><\/div><\/div>\n\n\n\n<div class=\"wp-block-group\"><div class=\"wp-block-group__inner-container is-layout-flow wp-block-group-is-layout-flow\">\n<h2 class=\"has-text-align-center wp-block-heading\">Patrocinantes Cerro Pintado<\/h2>\n\n\n<ul class=\"wordcamp-block wordcamp-post-list has-layout-grid wordcamp-sponsors has-grid-columns-3\"><li class=\"wordcamp-post-list__post wordcamp-clearfix\">\n<div class=\"wordcamp-sponsor wordcamp-sponsors__post slug-carlos-herrera-consulting-patrocinante-cerro-pintado\">\n\t\n\t\t\t<div class=\"wordcamp-image__featured-image-container wordcamp-sponsors__featured-image wordcamp-sponsors__logo align-center\"><a href=\"https:\/\/venezuela.wordcamp.org\/2021\/sponsor\/carlos-herrera-consulting-patrocinante-cerro-pintado\/\" class=\"wordcamp-image__featured-image-link\"><img loading=\"lazy\" decoding=\"async\" width=\"150\" height=\"75\" src=\"https:\/\/venezuela.wordcamp.org\/2021\/files\/2021\/04\/wcve2021-patrocinador-carlos-herrera-consulting-300x150.png\" class=\"wordcamp-image__featured-image wp-post-image\" alt=\"Logo de Carlos Herrera Consulting\" srcset=\"https:\/\/venezuela.wordcamp.org\/2021\/files\/2021\/04\/wcve2021-patrocinador-carlos-herrera-consulting-300x150.png 300w, https:\/\/venezuela.wordcamp.org\/2021\/files\/2021\/04\/wcve2021-patrocinador-carlos-herrera-consulting-768x384.png 768w, https:\/\/venezuela.wordcamp.org\/2021\/files\/2021\/04\/wcve2021-patrocinador-carlos-herrera-consulting-500x250.png 500w, https:\/\/venezuela.wordcamp.org\/2021\/files\/2021\/04\/wcve2021-patrocinador-carlos-herrera-consulting.png 1024w\" sizes=\"auto, (max-width: 150px) 100vw, 150px\" style=\"width:100%;height:50%;max-width:150px;\" \/><\/a><\/div>\t\n\t<\/div>\n\n<\/li><li class=\"wordcamp-post-list__post wordcamp-clearfix\">\n<div class=\"wordcamp-sponsor wordcamp-sponsors__post slug-greengeeks-patrocinante-cerro-pintado\">\n\t\n\t\t\t<div class=\"wordcamp-image__featured-image-container wordcamp-sponsors__featured-image wordcamp-sponsors__logo align-center\"><a href=\"https:\/\/venezuela.wordcamp.org\/2021\/sponsor\/greengeeks-patrocinante-cerro-pintado\/\" class=\"wordcamp-image__featured-image-link\"><img loading=\"lazy\" decoding=\"async\" width=\"150\" height=\"32\" src=\"https:\/\/venezuela.wordcamp.org\/2021\/files\/2021\/04\/wcve2021-patrocinador-GreenGeeks-300x65.png\" class=\"wordcamp-image__featured-image wp-post-image\" alt=\"\" srcset=\"https:\/\/venezuela.wordcamp.org\/2021\/files\/2021\/04\/wcve2021-patrocinador-GreenGeeks-300x65.png 300w, https:\/\/venezuela.wordcamp.org\/2021\/files\/2021\/04\/wcve2021-patrocinador-GreenGeeks-1024x220.png 1024w, https:\/\/venezuela.wordcamp.org\/2021\/files\/2021\/04\/wcve2021-patrocinador-GreenGeeks-768x165.png 768w, https:\/\/venezuela.wordcamp.org\/2021\/files\/2021\/04\/wcve2021-patrocinador-GreenGeeks-500x108.png 500w, https:\/\/venezuela.wordcamp.org\/2021\/files\/2021\/04\/wcve2021-patrocinador-GreenGeeks-1536x330.png 1536w, https:\/\/venezuela.wordcamp.org\/2021\/files\/2021\/04\/wcve2021-patrocinador-GreenGeeks-1568x337.png 1568w, https:\/\/venezuela.wordcamp.org\/2021\/files\/2021\/04\/wcve2021-patrocinador-GreenGeeks.png 1786w\" sizes=\"auto, (max-width: 150px) 100vw, 150px\" style=\"width:100%;height:21.33%;max-width:150px;\" \/><\/a><\/div>\t\n\t<\/div>\n\n<\/li><li class=\"wordcamp-post-list__post wordcamp-clearfix\">\n<div class=\"wordcamp-sponsor wordcamp-sponsors__post slug-yith-patrocinante-cerro-pintado\">\n\t\n\t\t\t<div class=\"wordcamp-image__featured-image-container wordcamp-sponsors__featured-image wordcamp-sponsors__logo align-center\"><a href=\"https:\/\/venezuela.wordcamp.org\/2021\/sponsor\/yith-patrocinante-cerro-pintado\/\" class=\"wordcamp-image__featured-image-link\"><img loading=\"lazy\" decoding=\"async\" width=\"150\" height=\"97\" src=\"https:\/\/venezuela.wordcamp.org\/2021\/files\/2021\/04\/wcve2021-patrocinador-yith-300x193.png\" class=\"wordcamp-image__featured-image wp-post-image\" alt=\"\" srcset=\"https:\/\/venezuela.wordcamp.org\/2021\/files\/2021\/04\/wcve2021-patrocinador-yith-300x193.png 300w, https:\/\/venezuela.wordcamp.org\/2021\/files\/2021\/04\/wcve2021-patrocinador-yith.png 318w\" sizes=\"auto, (max-width: 150px) 100vw, 150px\" style=\"width:100%;height:64%;max-width:150px;\" \/><\/a><\/div>\t\n\t<\/div>\n\n<\/li><\/ul><\/div><\/div>\n\n\n\n<div class=\"wp-block-group\"><div class=\"wp-block-group__inner-container is-layout-flow wp-block-group-is-layout-flow\">\n<h2 class=\"has-text-align-center wp-block-heading\">Patrocinantes Roraima<\/h2>\n\n\n<ul class=\"wordcamp-block wordcamp-post-list has-layout-grid wordcamp-sponsors has-grid-columns-3\"><li class=\"wordcamp-post-list__post wordcamp-clearfix\">\n<div class=\"wordcamp-sponsor wordcamp-sponsors__post slug-diccionario-web-patrocinante-roraima\">\n\t\n\t\t\t<div class=\"wordcamp-image__featured-image-container wordcamp-sponsors__featured-image wordcamp-sponsors__logo align-center\"><a href=\"https:\/\/venezuela.wordcamp.org\/2021\/sponsor\/diccionario-web-patrocinante-roraima\/\" class=\"wordcamp-image__featured-image-link\"><img loading=\"lazy\" decoding=\"async\" width=\"150\" height=\"23\" src=\"https:\/\/venezuela.wordcamp.org\/2021\/files\/2021\/04\/wcve-patrocianador-diccionario-web-300x47.png\" class=\"wordcamp-image__featured-image wp-post-image\" alt=\"Logotipo Diccionario Web.com\" srcset=\"https:\/\/venezuela.wordcamp.org\/2021\/files\/2021\/04\/wcve-patrocianador-diccionario-web-300x47.png 300w, https:\/\/venezuela.wordcamp.org\/2021\/files\/2021\/04\/wcve-patrocianador-diccionario-web.png 321w\" sizes=\"auto, (max-width: 150px) 100vw, 150px\" style=\"width:100%;height:15.33%;max-width:150px;\" \/><\/a><\/div>\t\n\t<\/div>\n\n<\/li><li class=\"wordcamp-post-list__post wordcamp-clearfix\">\n<div class=\"wordcamp-sponsor wordcamp-sponsors__post slug-easywp-by-namecheap-patrocinante-roraima\">\n\t\n\t\t\t<div class=\"wordcamp-image__featured-image-container wordcamp-sponsors__featured-image wordcamp-sponsors__logo align-center\"><a href=\"https:\/\/venezuela.wordcamp.org\/2021\/sponsor\/easywp-by-namecheap-patrocinante-roraima\/\" class=\"wordcamp-image__featured-image-link\"><img loading=\"lazy\" decoding=\"async\" width=\"150\" height=\"56\" src=\"https:\/\/venezuela.wordcamp.org\/2021\/files\/2021\/04\/easywp-by-namecheap-logo-300x112.png\" class=\"wordcamp-image__featured-image wp-post-image\" alt=\"Logotipo de EasyWP by Namecheap\" srcset=\"https:\/\/venezuela.wordcamp.org\/2021\/files\/2021\/04\/easywp-by-namecheap-logo-300x112.png 300w, https:\/\/venezuela.wordcamp.org\/2021\/files\/2021\/04\/easywp-by-namecheap-logo.png 374w\" sizes=\"auto, (max-width: 150px) 100vw, 150px\" style=\"width:100%;height:37.33%;max-width:150px;\" \/><\/a><\/div>\t\n\t<\/div>\n\n<\/li><li class=\"wordcamp-post-list__post wordcamp-clearfix\">\n<div class=\"wordcamp-sponsor wordcamp-sponsors__post slug-yoast-patrocinante-roraima\">\n\t\n\t\t\t<div class=\"wordcamp-image__featured-image-container wordcamp-sponsors__featured-image wordcamp-sponsors__logo align-center\"><a href=\"https:\/\/venezuela.wordcamp.org\/2021\/sponsor\/yoast-patrocinante-roraima\/\" class=\"wordcamp-image__featured-image-link\"><img loading=\"lazy\" decoding=\"async\" width=\"150\" height=\"82\" src=\"https:\/\/venezuela.wordcamp.org\/2021\/files\/2021\/04\/Yoast_Logo_tagline_Large_RGB-300x164.png\" class=\"wordcamp-image__featured-image wp-post-image\" alt=\"Logotipo de Yoast\" srcset=\"https:\/\/venezuela.wordcamp.org\/2021\/files\/2021\/04\/Yoast_Logo_tagline_Large_RGB-300x164.png 300w, https:\/\/venezuela.wordcamp.org\/2021\/files\/2021\/04\/Yoast_Logo_tagline_Large_RGB-500x274.png 500w, https:\/\/venezuela.wordcamp.org\/2021\/files\/2021\/04\/Yoast_Logo_tagline_Large_RGB.png 520w\" sizes=\"auto, (max-width: 150px) 100vw, 150px\" style=\"width:100%;height:54.67%;max-width:150px;\" \/><\/a><\/div>\t\n\t<\/div>\n\n<\/li><\/ul><\/div><\/div>\n\n\n\n<h4 class=\"wp-block-heading\">Suscr\u00edbete para mantenerte informado&#8230;<\/h4>\n\n\n<div class=\"wp-block-jetpack-subscriptions__supports-newline formulario-suscripcion wp-block-jetpack-subscriptions\">\n\t\t<div>\n\t\t\t<div>\n\t\t\t\t<div>\n\t\t\t\t\t<p >\n\t\t\t\t\t\t<a href=\"https:\/\/venezuela.wordcamp.org\/2021\/?post_type=page&#038;p=641\" style=\"font-size: 16px;padding: 15px 23px 15px 23px;margin: 0; margin-left: 10px;border-radius: 5px;border-width: 0px; text-decoration: none; white-space: nowrap; margin-left: 0\">Registrarse<\/a>\n\t\t\t\t\t<\/p>\n\t\t\t\t<\/div>\n\t\t\t<\/div>\n\t\t<\/div>\n\t<\/div><\/div><\/div>\n","protected":false},"excerpt":{"rendered":"<p>La primera WordCamp de Venezuela Del 6 al 8 de mayo de 2021 Conoce a los asistentes, ponentes y patrocinantes que participan en la primera WordCamp de Venezuela Asistentes Mira la lista de entusiastas de WordPress que asiste a la WordCamp&nbsp;Venezuela&nbsp;2021 Ponentes Conoce a los ponentes que nos traer\u00e1n contenido de calidad en la primera&hellip; <a class=\"more-link\" href=\"https:\/\/venezuela.wordcamp.org\/2021\/\">Seguir leyendo <span class=\"screen-reader-text\">WordCamp Venezuela 2021<\/span><\/a><\/p>\n","protected":false},"author":9543173,"featured_media":0,"parent":0,"menu_order":0,"comment_status":"closed","ping_status":"closed","template":"","meta":{"jetpack_post_was_ever_published":false,"footnotes":""},"class_list":["post-641","page","type-page","status-publish","hentry","entry"],"jetpack_sharing_enabled":true,"_links":{"self":[{"href":"https:\/\/venezuela.wordcamp.org\/2021\/wp-json\/wp\/v2\/pages\/641","targetHints":{"allow":["GET"]}}],"collection":[{"href":"https:\/\/venezuela.wordcamp.org\/2021\/wp-json\/wp\/v2\/pages"}],"about":[{"href":"https:\/\/venezuela.wordcamp.org\/2021\/wp-json\/wp\/v2\/types\/page"}],"author":[{"embeddable":true,"href":"https:\/\/venezuela.wordcamp.org\/2021\/wp-json\/wp\/v2\/users\/9543173"}],"replies":[{"embeddable":true,"href":"https:\/\/venezuela.wordcamp.org\/2021\/wp-json\/wp\/v2\/comments?post=641"}],"version-history":[{"count":112,"href":"https:\/\/venezuela.wordcamp.org\/2021\/wp-json\/wp\/v2\/pages\/641\/revisions"}],"predecessor-version":[{"id":3385,"href":"https:\/\/venezuela.wordcamp.org\/2021\/wp-json\/wp\/v2\/pages\/641\/revisions\/3385"}],"wp:attachment":[{"href":"https:\/\/venezuela.wordcamp.org\/2021\/wp-json\/wp\/v2\/media?parent=641"}],"curies":[{"name":"wp","href":"https:\/\/api.w.org\/{rel}","templated":true}]}}