{"id":21,"date":"2020-11-06T01:54:51","date_gmt":"2020-11-06T05:54:51","guid":{"rendered":"https:\/\/venezuela.wordcamp.org\/2021\/code-of-conduct\/"},"modified":"2021-04-08T08:10:32","modified_gmt":"2021-04-08T12:10:32","slug":"codigo-de-conducta","status":"publish","type":"page","link":"https:\/\/venezuela.wordcamp.org\/2021\/codigo-de-conducta\/","title":{"rendered":"C\u00f3digo de conducta"},"content":{"rendered":"\n<h2 class=\"wp-block-heading\"><strong>1.- Prop\u00f3sito<\/strong><\/h2>\n\n\n\n<p><strong><em>WordCamp Venezuela<\/em><\/strong> cree que nuestra comunidad debe estar realmente abierta para todos. Por ello, nos comprometemos a proporcionar un entorno amigable, seguro y acogedor para todos, independientemente del g\u00e9nero, orientaci\u00f3n sexual, discapacidad, etnia, religi\u00f3n, edad, casta, clase social, sistema operativo preferido, lenguaje de programaci\u00f3n o editor de texto, entre otras caracter\u00edsticas identificativas.<\/p>\n\n\n\n<p>Este c\u00f3digo de conducta describe nuestras expectativas en cuanto al comportamiento de los participantes, as\u00ed como las consecuencias de un comportamiento inaceptable.<\/p>\n\n\n\n<p>Invitamos a todos los patrocinadores, voluntarios, ponentes, asistentes y dem\u00e1s participantes a que nos ayuden a hacer realidad que la experiencia de este evento sea segura y positiva para todos.<\/p>\n\n\n\n<h2 class=\"wp-block-heading\"><strong>2.- Ciudadan\u00eda del c\u00f3digo abierto<\/strong><\/h2>\n\n\n\n<p>Un objetivo complementario de este c\u00f3digo de conducta es aumentar la ciudadan\u00eda del c\u00f3digo abierto, alentando a los participantes a reconocer y fortalecer las relaciones entre lo que hacemos y la comunidad en general.<\/p>\n\n\n\n<p>Para cumplir este objetivo, los organizadores de <strong><em>WordCamp Venezuela<\/em><\/strong> aceptar\u00e1n durante todo el evento nominaciones de ciudadanos ejemplares y, una vez finalizado el evento, dar\u00e1n su reconocimiento en la web a los participantes seleccionados.<\/p>\n\n\n\n<p>Si ves a alguien que est\u00e1 haciendo un esfuerzo adicional para garantizar que nuestra comunidad sea acogedora, amigable y que anime a todos los participantes a contribuir al m\u00e1ximo, queremos saberlo. Puedes nominar a alguien a trav\u00e9s de nuestro <a href=\"https:\/\/venezuela.wordcamp.org\/2021\/contacto\/\">formulario de contacto.<\/a><\/p>\n\n\n\n<h2 class=\"wp-block-heading\"><strong>3.- Comportamiento esperado<\/strong><\/h2>\n\n\n\n<ul class=\"wp-block-list\"><li>S\u00e9 considerado, respetuoso y colaborador.<\/li><li>Abst\u00e9nte de comportamientos y discursos degradantes, discriminatorios o de acoso.<\/li><li>S\u00e9 consciente de tu entorno y de tus compa\u00f1eros. Alerta a los organizadores del evento si observas una situaci\u00f3n peligrosa o a alguien en peligro.<\/li><li>Participa de forma aut\u00e9ntica y activa. Al hacerlo, ayudar\u00e1s a crear <strong><em>WordCamp Venezuela<\/em><\/strong> y la har\u00e1s tuya.<\/li><\/ul>\n\n\n\n<h2 class=\"wp-block-heading\"><strong>4.- Comportamiento inaceptable<\/strong><\/h2>\n\n\n\n<p>Los comportamientos inaceptables incluyen: conducta intimidatoria, acosadora, abusiva, discriminatoria, despectiva o degradante por parte de cualquier asistente a <strong><em>WordCamp Venezuela<\/em><\/strong> y sus eventos relacionados. Todas las actividades de <strong><em>WordCamp Venezuela<\/em><\/strong> son compartidas p\u00fablicamente, por lo que te rogamos que seas respetuoso con todos los participantes.<\/p>\n\n\n\n<p>El acoso incluye: comentarios verbales ofensivos relacionados con el g\u00e9nero, la orientaci\u00f3n sexual, la raza, la religi\u00f3n, la discapacidad, el uso p\u00fablico inapropiado de desnudos y\/o im\u00e1genes sexuales (incluidas las diapositivas de las presentaciones), la intimidaci\u00f3n, el acoso o el seguimiento deliberados, las fotograf\u00edas o grabaciones de acoso, la interrupci\u00f3n continuada de las charlas u otros eventos, los comentarios y\/o la atenci\u00f3n sexual no deseada.<\/p>\n\n\n\n<h2 class=\"wp-block-heading\"><strong>5.- Consecuencias de un comportamiento inaceptable<\/strong><\/h2>\n\n\n\n<p>No se tolerar\u00e1 ning\u00fan comportamiento inaceptable por parte de los asistentes, organizadores, personal voluntario, patrocinadores o cualquier otro participante en el evento de <strong><em>WordCamp Venezuela<\/em><\/strong>.<\/p>\n\n\n\n<p>Se espera que cualquier persona a la que se le requiera que cese un comportamiento inaceptable lo cumpla de forma inmediata.<\/p>\n\n\n\n<p>Si un participante tiene un comportamiento inaceptable, los organizadores del evento podr\u00e1n tomar las medidas que consideren oportunas, incluida su expulsi\u00f3n sin aviso previo y, si es el caso, sin derecho al reembolso de su participaci\u00f3n.<\/p>\n\n\n\n<h2 class=\"wp-block-heading\"><strong>6.- Qu\u00e9 hacer si eres testigo o v\u00edctima de un comportamiento inaceptable<\/strong><\/h2>\n\n\n\n<p>Si eres objeto de un comportamiento inaceptable, si ves que otra persona est\u00e1 siendo v\u00edctima de un comportamiento inaceptable o si tienes cualquier otro temor, por favor, comun\u00edcalo a un organizador del evento tan pronto como te sea posible.<\/p>\n\n\n\n<p>En el caso de que fuese necesario, el equipo de <strong><em>WordCamp Venezuela<\/em><\/strong> estar\u00e1 disponible para ayudar a los participantes a ponerse en contacto con las fuerzas del orden, para proporcionar asistencia o para ayudar de cualquier otra forma a aquellos que sufran un comportamiento inaceptable, de forma que se sientan seguros durante el evento. Todos los voluntarios pueden ponerte en contacto con alg\u00fan organizador del evento. Tambi\u00e9n puedes contactar directamente con los organizadores a trav\u00e9s de nuestro <a href=\"https:\/\/venezuela.wordcamp.org\/2021\/contacto\/\">formulario de contacto<\/a>.<\/p>\n\n\n\n<h2 class=\"wp-block-heading\"><strong>7.- \u00c1mbito de aplicaci\u00f3n<\/strong><\/h2>\n\n\n\n<p>Esperamos que todos los participantes en el evento (patrocinadores, voluntarios, ponentes, asistentes y cualquier otro invitado) respeten este c\u00f3digo de conducta durante toda la duraci\u00f3n del evento y en todas las actividades del mismo.<\/p>\n\n\n\n<h2 class=\"wp-block-heading\"><strong>8.- Informaci\u00f3n de contacto<\/strong><\/h2>\n\n\n\n<p>Si quieres contactar con los organizadores de <strong><em>WordCamp Venezuela<\/em><\/strong>, puedes hacerlo en cualquier momento a trav\u00e9s del <a href=\"https:\/\/venezuela.wordcamp.org\/2021\/contacto\/\">formulario de contacto<\/a> de esta web.<\/p>\n\n\n\n<h2 class=\"wp-block-heading\"><strong>9.- Licencia y atribuci\u00f3n<\/strong><\/h2>\n\n\n\n<p>Este c\u00f3digo de conducta de <strong><em>WordCamp Venezuela<\/em><\/strong> es una copia directa del impresionante trabajo realizado por <a href=\"http:\/\/opensourcebridge.org\/about\/code-of-conduct\/\"><em>Open Source Bridge<\/em><\/a>, pero habiendo sustituido nuestra informaci\u00f3n del evento, y se publica bajo la licencia <a href=\"https:\/\/creativecommons.org\/licenses\/by-sa\/3.0\/\"><em>Creative Commons Attribution-ShareAlike<\/em><\/a>.<\/p>\n","protected":false},"excerpt":{"rendered":"<p>1.- Prop\u00f3sito WordCamp Venezuela cree que nuestra comunidad debe estar realmente abierta para todos. Por ello, nos comprometemos a proporcionar un entorno amigable, seguro y acogedor para todos, independientemente del g\u00e9nero, orientaci\u00f3n sexual, discapacidad, etnia, religi\u00f3n, edad, casta, clase social, sistema operativo preferido, lenguaje de programaci\u00f3n o editor de texto, entre otras caracter\u00edsticas identificativas. Este&hellip; <a class=\"more-link\" href=\"https:\/\/venezuela.wordcamp.org\/2021\/codigo-de-conducta\/\">Seguir leyendo <span class=\"screen-reader-text\">C\u00f3digo de conducta<\/span><\/a><\/p>\n","protected":false},"author":9543173,"featured_media":0,"parent":0,"menu_order":0,"comment_status":"closed","ping_status":"closed","template":"","meta":{"jetpack_post_was_ever_published":false,"footnotes":""},"class_list":["post-21","page","type-page","status-publish","hentry","entry"],"jetpack_sharing_enabled":true,"_links":{"self":[{"href":"https:\/\/venezuela.wordcamp.org\/2021\/wp-json\/wp\/v2\/pages\/21","targetHints":{"allow":["GET"]}}],"collection":[{"href":"https:\/\/venezuela.wordcamp.org\/2021\/wp-json\/wp\/v2\/pages"}],"about":[{"href":"https:\/\/venezuela.wordcamp.org\/2021\/wp-json\/wp\/v2\/types\/page"}],"author":[{"embeddable":true,"href":"https:\/\/venezuela.wordcamp.org\/2021\/wp-json\/wp\/v2\/users\/9543173"}],"replies":[{"embeddable":true,"href":"https:\/\/venezuela.wordcamp.org\/2021\/wp-json\/wp\/v2\/comments?post=21"}],"version-history":[{"count":3,"href":"https:\/\/venezuela.wordcamp.org\/2021\/wp-json\/wp\/v2\/pages\/21\/revisions"}],"predecessor-version":[{"id":1748,"href":"https:\/\/venezuela.wordcamp.org\/2021\/wp-json\/wp\/v2\/pages\/21\/revisions\/1748"}],"wp:attachment":[{"href":"https:\/\/venezuela.wordcamp.org\/2021\/wp-json\/wp\/v2\/media?parent=21"}],"curies":[{"name":"wp","href":"https:\/\/api.w.org\/{rel}","templated":true}]}}